7 a composite number?
True
Is 2018354207 a prime number?
False
Is 50285023 prime?
True
Is 409717136191 a prime number?
False
Is 768393643 a composite number?
True
Is 22270611091 a prime number?
True
Is 31373800579 a composite number?
True
Is 729269479 composite?
False
Is 161167174957 a prime number?
False
Is 202115003 a prime number?
True
Is 283328447 a prime number?
True
Is 14425757701 composite?
False
Is 1548115859 prime?
False
Is 4717328578 a prime number?
False
Is 5713037963 a prime number?
True
Is 17386723171 a prime number?
False
Is 8445003349 a prime number?
False
Is 205827088949 prime?
True
Is 57901592387 composite?
True
Is 13134720377 composite?
True
Is 2082687407 a prime number?
False
Is 452020607 composite?
True
Is 9199271063 prime?
True
Is 28412103355 composite?
True
Is 1120869049 a composite number?
True
Is 231372797 a prime number?
True
Is 1651549637 prime?
True
Is 1234846913 composite?
True
Is 3389526659 prime?
True
Is 3674822693 composite?
True
Is 294514357 a prime number?
False
Is 462208583 prime?
False
Is 106476913 composite?
True
Is 22153394513 prime?
True
Is 26366379269 composite?
False
Is 7037825863 composite?
True
Is 3876674041 a composite number?
False
Is 46095235973 prime?
False
Is 21021147577 composite?
False
Is 1527756023 prime?
True
Is 418294463 a prime number?
False
Is 53040318901 a composite number?
False
Is 15972195569 a composite number?
True
Is 4145395313 a prime number?
True
Is 2961090697 prime?
True
Is 959297359 composite?
False
Is 29684273159 prime?
False
Is 4698357661 composite?
False
Is 4321237049 a prime number?
True
Is 20244751 composite?
False
Is 59521564819 composite?
True
Is 569632627 prime?
False
Is 1299759821 a composite number?
True
Is 6712017199 a composite number?
False
Is 11379703843 a composite number?
True
Is 1344630517 a prime number?
True
Is 5816948989 prime?
False
Is 2639519602 prime?
False
Is 2147349887 a prime number?
True
Is 2717681969 a prime number?
False
Is 3183100483 prime?
False
Is 1633424489 prime?
False
Is 6126995909 a composite number?
True
Is 1496658061 a composite number?
True
Is 2011582903 composite?
True
Is 831314489 prime?
True
Is 30315044371 prime?
True
Is 565065971 a prime number?
True
Is 449427694 composite?
True
Is 1612251001 prime?
False
Is 3058146989 composite?
False
Is 2692708801 prime?
False
Is 3093666211 a prime number?
False
Is 26109119815 composite?
True
Is 1574930569 prime?
False
Is 791004283 a prime number?
True
Is 2695071521 prime?
False
Is 1170945931 prime?
False
Is 49360109 a composite number?
True
Is 118828241137 composite?
False
Is 1419665641 a composite number?
False
Is 9434720485 prime?
False
Is 54197681753 prime?
False
Is 2462398751 a prime number?
False
Is 58564001 a prime number?
True
Is 35380511093 a composite number?
True
Is 124968028807 a prime number?
False
Is 30255972113 composite?
False
Is 2369798143 a composite number?
True
Is 17051905441 composite?
False
Is 6131027143 prime?
False
Is 84329491 prime?
True
Is 60567027977 a composite number?
False
Is 83157749911 composite?
False
Is 1484280671 a prime number?
False
Is 564159199 a composite number?
False
Is 8875849 composite?
True
Is 87922257977 prime?
True
Is 30292093 prime?
False
Is 1610573963 composite?
True
Is 13030592947 prime?
False
Is 100087607918 a composite number?
True
Is 1054226477 a composite number?
False
Is 133694167 prime?
False
Is 1513607717 a composite number?
True
Is 3076819609 a composite number?
True
Is 282316817 composite?
False
Is 3130632041 prime?
False
Is 9592543343 a prime number?
True
Is 444713669 prime?
False
Is 89591731 a prime number?
True
Is 812731267 prime?
True
Is 72673277 a prime number?
True
Is 3675798079 a prime number?
False
Is 371578931 composite?
True
Is 21463260913 a composite number?
True
Is 145640777 composite?
True
Is 10769500877 a composite number?
False
Is 38300433109 composite?
True
Is 134993437 prime?
False
Is 3273905741 a prime number?
True
Is 238371491 prime?
False
Is 4551877943 a prime number?
True
Is 48759717353 composite?
True
Is 2494327663 a prime number?
False
Is 41435673481 composite?
True
Is 20104528913 prime?
False
Is 815764459 a composite number?
True
Is 13804253329 prime?
True
Is 472364611 a composite number?
False
Is 714026387 a composite number?
False
Is 6346152097 prime?
False
Is 1640779631 a composite number?
False
Is 35019303155 prime?
False
Is 3933506623 a composite number?
False
Is 285224393 a composite number?
False
Is 10386017429 a composite number?
True
Is 2959362481 composite?
False
Is 490132801 a prime number?
True
Is 119499527 a composite number?
True
Is 13008918901 a prime number?
False
Is 1523109311 composite?
False
Is 34287553 a composite number?
False
Is 2345290687 a composite number?
True
Is 3163157463 prime?
False
Is 109732567601 prime?
True
Is 100276873747 prime?
False
Is 2646585493 composite?
False
Is 1297706038 a prime number?
False
Is 15493783993 a composite number?
True
Is 1600134973 composite?
True
Is 5697818627 a composite number?
True
Is 6595268951 a prime number?
True
Is 5851293769 a composite number?
True
Is 2156749813 composite?
True
Is 4788546619 prime?
True
Is 12684169349 a prime number?
True
Is 2432520257 a composite number?
True
Is 47856822073 prime?
True
Is 982095511 a prime number?
False
Is 535520053 a prime number?
True
Is 24411319199 prime?
True
Is 2408034127 a prime number?
False
Is 422113651 composite?
False
Is 617375027 a prime number?
False
Is 81158131 a composite number?
True
Is 36206958365 composite?
True
Is 13912531969 a composite number?
True
Is 744673357 composite?
False
Is 9033031537 a prime number?
True
Is 448021813 a composite number?
True
Is 5878243583 a composite number?
False
Is 605808947 a composite number?
False
Is 22413999667 composite?
True
Is 472806031 a composite number?
False
Is 969158011 prime?
True
Is 38937873133 a composite number?
False
Is 1018227929 a prime number?
False
Is 4623827761 a composite number?
True
Is 2951686723 prime?
True
Is 841642511 a prime number?
False
Is 997655927 composite?
False
Is 20527153513 composite?
True
Is 192603739 prime?
True
Is 8900935877 a prime number?
False
Is 1387349611 composite?
False
Is 284388151 composite?
True
Is 10174397029 a composite number?
False
Is 1134656903 prime?
False
Is 9751652227 a composite number?
True
Is 6770946697 a prime number?
False
Is 2415812647 a prime number?
True
Is 39318327761 prime?
True
Is 697708499 prime?
True
Is 1782084589 prime?
True
Is 6637364269 prime?
False
Is 1263145811 a composite number?
True
Is 23174846783 prime?
False
Is 31113401 prime?
False
Is 12774791161 prime?
False
Is 905288977 prime?
True
Is 183421868111 a prime number?
True
Is 227090179 a composite number?
True
Is 639536477 a prime number?
True
Is 638363443 a prime number?
False
Is 11829014803 prime?
False
Is 2014526779 a composite number?
False
Is 12379614398 a composite number?
True
Is 25567531861 prime?
True
Is 295013807887 composite?
False
Is 92517615121 prime?
True
Is 3870463771 prime?
False
Is 1341056341 composite?
False
Is 3074941307 composite?
False
Is 115786943 prime?
True
Is 27667450751 composite?
True
Is 638316763 prime?
False
Is 399527113 a composite number?
True
Is 383086799 a composite number?
False
Is 4134091309 prime?
False
Is 362303311 a prime number?
True
Is 240622439 a prime number?
False
Is 4715586503 prime?
True
Is 635736239 composite?
True
Is 519245653 composite?
True
Is 6957049211 a composite number?
True
Is 10874 prime?
False
Is 278202443 a prime number?
True
Is 31639715 a composite number?
True
Is 289107683 a prime number?
True
Is 420682708319 composite?
False
Is 1547665717 prime?
False
Is 725787679 a composite number?
True
Is 5690472927 prime?
False
Is 2156105317 a prime number?
True
Is 939892517 a prime number?
True
Is 425325097 composite?
False
Is 237194645 a prime number?
False
Is 29164283677 a composite number?
False
Is 4405992433 a prime number?
True
Is 8428731803 composite?
False
Is 456764947 a prime number?
False
Is 736271141 prime?
True
Is 6319782607 composite?
False
Is 1767618607 a prime number?
True
Is 192377257 a composite number?
True
Is 3250245007 composite?
False
Is 9219739 a composite number?
False
Is 9214775894 composite?
True
Is 206878759 a composite number?
False
Is 5786238817 composite?
False
Is 22500